 2*c. Suppose c = -t - 11 + 1. Is (-64)/(-6) + t/15 a prime number?
False
Suppose 0 = 12*c - 4650 - 7938. Is c a prime number?
True
Let x(v) = v - 2. Let m be x(4). Suppose -3*c - 258 + 708 = 0. Is (c/(-20))/(m/(-4)) prime?
False
Let b = 139 - 134. Let c = 208 + -19. Suppose 3*u - 680 = -4*m - c, m - b*u - 94 = 0. Is m a composite number?
True
Let r(v) = 9*v**2 + 8*v - 10. Let a be r(19). Let n = 5886 - a. Is n prime?
False
Let w be -27*13 + (1 - 1). Let p(t) = 33*t**2 - 3*t - 6. Let y be p(4). Let u = y + w. Is u a composite number?
True
Suppose -234 = 4*c + 274. Let j = 200 - c. Suppose -5*t + 1591 = -0*x + x, -t + 2*x = -j. Is t composite?
True
Let p(c) = 4 - 47*c - 61*c - 21. Let w be p(-9). Suppose 6*y + w = 11*y. Is y a composite number?
False
Let g(q) = 6*q**3 + q**3 + 5*q**3 + 5*q - 7 - 7*q**3. Is g(3) a prime number?
False
Suppose 7*t = -5 + 47. Let f(v) = 28*v**2 + 6*v - 17. Let b be f(t). Suppose 1211 = 3*j - b. Is j a prime number?
False
Suppose 0 = i - 3, -i - 18811 = -x - 3*i. Is x composite?
True
Suppose 2 - 26 = 8*i. Is i/21 - (-21888)/42 a prime number?
True
Let z(r) = 23*r**2 - 13*r - 188. Is z(17) a composite number?
True
Suppose 24*a = 22*a + 5*p + 55202, 0 = -2*a - 2*p + 55202. Is a a composite number?
True
Let u be 9339/(-54)*-4 + (-2)/(-9). Let j = u + 95. Is j a composite number?
False
Suppose 6*g = g + 10. Let j be -82 - (1 - 0)*g. Is 2/(-7) - 19764/j a composite number?
True
Suppose -5*x = -0*z + z + 74, 5*x + 62 = 2*z. Let m be (-2 - -1 - -2)*x. Let p(n) = -n**2 - 15*n + 17. Is p(m) composite?
False
Let b(c) = 30*c**2 + 6*c - 1. Let g = 14 - 24. Is b(g) composite?
False
Let k = 2016 + -1151. Suppose 6*p - k = 1409. Is p composite?
False
Let i(y) = -y + 3*y + 11 + 0 + 21*y**2 + 7. Is i(-3) a composite number?
True
Suppose -4*n = -n + 15. Let l = n - -10. Suppose 9*v - l*v - 532 = 0. Is v a prime number?
False
Let x = 36 - 10. Let i = -24 + x. Suppose -2*q - i*d - 368 = -4*q, 3*q + 2*d - 537 = 0. Is q composite?
False
Let o(n) = 76*n**2 - 3*n + 1. Let l be o(-3). Suppose 656 = 3*b - l. Suppose -d + 343 = 5*r - 77, 0 = -d + r + b. Is d composite?
True
Is (90195/10 - 9)/(3/4) a prime number?
False
Let x(t) = -15 + 22 + 159*t - 12 - 5. Is x(5) a prime number?
False
Let s(p) = 62*p**2 - 1. Let z(a) = -7*a**2 + a**3 + 6*a - 15 + 2*a + 0*a**2 + a. Let l be z(6). Is s(l) composite?
False
Suppose 19*l - 127910 = 33609. Is l a prime number?
True
Let c = 28 + 60. Let g = 885 - c. Is g a prime number?
True
Suppose 6*s + 987 = -249. Let p = s - -613. Is p composite?
True
Let u(q) be the third derivative of -11*q**6/120 - q**5/20 + q**4/4 + 3*q**3/2 + 18*q**2. Is u(-4) a composite number?
False
Suppose 0 = 14*b - 12*b - 170. Suppose b + 983 = 6*y. Is y prime?
False
Let m be (-28)/8 - 1/2. Let g(l) = 15*l**2 - 1. Let s be g(m). Suppose 2*q = 5*w - 415, 3*w - s = -3*q + 31. Is w prime?
False
Suppose -4*n = -3*j - 39, 5*n + 7*j - 5 = 2*j. Let b be ((-48)/(-20))/(n/20). Is 422/b - (-2)/8 a composite number?
False
Suppose k + 12 = -0*k. Let f be k/20 + (-6)/15. Let y(w) = 7*w**2 - w - 1. Is y(f) a composite number?
False
Let q(b) = 18*b**2 - 2*b - 11. Is q(-3) composite?
False
Let f = 5976 + -4137. Is f prime?
False
Let s(r) = -6*r**2 - 19*r + 50. Let h(f) = 3*f**2 + 9*f - 25. Let q(k) = 13*h(k) + 6*s(k). Is q(11) composite?
True
Let k(a) = a**3 - 5*a**2 - 3*a. Let x be k(5). Let w = 12 + x. Is -3 + (-3)/w - -39 composite?
False
Let w be (-12)/48 - (-618)/8. Let p be 2/(-11) - (-322)/w. Suppose 4*i + 374 = 4*d + 2*i, 3*i - 349 = -p*d. Is d a composite number?
True
Let o(m) = 22*m**2 + 20*m + 33. Is o(20) a prime number?
False
Suppose -10 = 2*i, -3*r + i - 107051 = -332539. Is r a composite number?
False
Let a(d) = -d**2 + 7*d - 2. Let c be a(4). Let n be (-3921)/(-15) - 4/c. Suppose -u = -2*u - 4*m + 39, n = 4*u - 5*m. Is u prime?
True
Suppose -107*l + 6354 = -98*l. Is l prime?
False
Is 0 + (-6)/4 + 21325/2 a composite number?
True
Let i(x) = -3*x - 6*x + x**2 - 3*x**3 + 10*x - 1. Let c be i(-1). Suppose -257 = -c*z + 113. Is z a composite number?
True
Let f(g) = 11*g + 15. Let a be f(-3). Is (4/(-24) - (-3)/a)*-2049 composite?
False
Let g(w) = w**3 + 11*w**2 + 8*w - 9. Let c be g(-10). Let p(u) = -u**3 + 25*u**2 - 20*u - 17. Is p(c) a prime number?
False
Let m(o) = 10*o**2 - 9*o + 3. Let g(k) = k**2 - 15*k + 13. Let v be g(14). Let p be (v/3)/((-10)/(-120)). Is m(p) a prime number?
True
Let v be (12/15 + -1)*-5. Is v/((-5)/(-590)*2) a prime number?
True
Let v = 3248 + -5010. Let w = -993 - v. Is w a composite number?
False
Let h = 3533 + 990. Let o = h + -2536. Is o prime?
True
Let k be 8/4 - (-2 - 0). Suppose 3*o - 4*u = 241, 5*o - 312 = o - k*u. Is o composite?
False
Let u = 29925 - 2446. Is u a composite number?
False
Let m = -449 + 232. Let k be m/(-77) - 2/(-11). Suppose -3*g = -k*v - 18, g + g - 5*v - 9 = 0. Is g prime?
True
Let q = 39 + -27. Let j = 18 - q. Suppose -j*d + 1453 = -3*d - 2*t, 0 = -5*d - 5*t + 2380. Is d composite?
True
Is ((-18583)/3)/(18/(-54)) prime?
True
Let t be 1 + -2*(-9)/(-2). Let u(v) = -2*v**3 + 10*v**2 + 2*v + 7. Is u(t) a prime number?
False
Let c(y) = 31 - 19*y + 41*y - 28*y. Is c(-13) a prime number?
True
Let p be (-1)/1*(0 - 2). Suppose 2*r + i = r - 5, 4*i + 20 = -p*r. Suppose -3*d + z + 605 = r, 4*d - 428 = -5*z + 404. Is d composite?
True
Let m = -6 - -8. Let n = 537 - -392. Suppose v + 374 = 2*a - v, m*v + n = 5*a. Is a a prime number?
False
Suppose -2*i - 3689 + 33985 = 0. Is 2/(-14) - i/(-49) composite?
True
Let m be 1*(1 + -3) + 6. Suppose 4*f = -i - m, -2*f - 8 + 0 = 2*i. Suppose -143 = -3*s + 2*o, f = -3*s - 4*o + 7*o + 141. Is s composite?
True
Suppose -2*s - 2*s + 1588 = 0. Let r = s + -258. Is r a prime number?
True
Let b(u) = u**3 - 9*u**2 - u + 7. Let y be b(9). Let r(i) = -33*i + 1. Is r(y) a composite number?
False
Let w(y) = 48*y + 19. Let h be w(10). Is h + 64/20 + 1/(-5) composite?
True
Let j(b) = 66*b**3 - 3*b**2 - b - 3. Let l be j(3). Suppose -3*y = -2*y + l. Is 4/(-14) - y/21 a prime number?
True
Suppose 4*n = 2*w + 1432, 5*n + 13*w - 1799 = 11*w. Is n prime?
True
Let r be 1/4 + (-35757)/(-12). Let k be (-66)/11 + 1424 + -2. Suppose -a + r = 4*v, -a + k + 74 = 2*v. Is v a composite number?
True
Suppose -88*w - 9 = -91*w. Suppose -3*k + 3137 = -2*o, 2*o = w*k - 5*k + 2108. Is k prime?
True
Let z(j) = -j**2 - 2*j - 3. Let x(q) = -q**3 + 15*q**2 + q - 17. Let a be x(15). Let b be z(a). Is (b - -5) + 1 + 140 composite?
True
Let m(j) be the second derivative of 9*j + 0 - 14*j**3 - 1/2*j**2. Is m(-3) a composite number?
False
Suppose 3*t - 6 = 0, -s - 2 - 3 = -5*t. Suppose -5480 = -o - 4*o + 3*f, -f = s*o - 5500. Is o a composite number?
True
Suppose 10 = -2*y + 5*a - 6, 3*y - 5*a = -19. Is (-6057)/6*2/y prime?
True
Let r(v) = v**2 - 8*v + 6. Let h be r(9). Let c be 1611/(-5) + 3/h. Let m = 545 + c. Is m prime?
True
Suppose -3*l + 3*t = 2*l - 15, 5*l + 2*t = -10. Suppose 9*k - 4838 - 7429 = l. Is k prime?
False
Let f(g) = g**3 - 11*g**2 + 2. Let z be f(11). Is (-4084)/(-12) - -1*z/3 a prime number?
False
Suppose 88*j - 65*j - 1252603 = 0. Is j prime?
False
Suppose 33*f - 197562 = -35235. Is f composite?
False
Is 97788/33 + 9/(-33) a composite number?
False
Suppose 3*k = 41 + 130. Let a = k - -74. Is a composite?
False
Let r(x) = 7 - 2*x + 6*x - 4 + 4*x**2 - 3*x**3 + 1. Let m be r(-3). Suppose 2*v - 25 - m = 0. Is v a composite number?
False
Suppose 2*h = -4*h + 642. Suppose -5*w + 65 = -r, 2*w - w - 61 = r. Let c = r + h. Is c a composite number?
False
Let u be 3*-5*12/(-10). Is 4863*(1 + -2)*(-6)/u a prime number?
True
Suppose 128778 = 3*o - 3*m, 5*o - 3*m = 113049 + 101575. Is o a composite number?
False
Suppose 16*f = 11*f + 13525. Suppose -6*p + 5*p + f = 0. Is p a prime number?
False
Suppose -q - 4*v + 12953 = -0*v, 0 = -v. Is q composite?
False
Let x(j) = 2*j + 4. Let y be x(8). Let v be (-4 - y)/3*-45. Suppose -v = -5*w + 155. Is w a prime number?
True
Let t be 64/(-10)*(-49455)/18. Let m be (6/(-8))/(14/t). Is (m/12)/((-1)/2) prime?
True
Let d(m) = -m + 7. Let s be d(5). Suppose 5*a + 4*o = 11429, 0*a + 4*a + s*o - 9148 = 0. Suppose a = -7*f + 10*f. Is f prime?
False
Let n(b) = 65*b**2 + 5*b + 1. Let r be n(-2). Let u = 126 + r. Is u prime?
False
Let h(x) = -x**3 - 14*x*